{"id":60,"date":"2025-07-01T22:34:23","date_gmt":"2025-07-01T20:34:23","guid":{"rendered":"https:\/\/jdtec.eu\/?page_id=60"},"modified":"2025-08-14T15:31:22","modified_gmt":"2025-08-14T13:31:22","slug":"jtl-pos","status":"publish","type":"page","link":"https:\/\/jdtec.eu\/index.php\/jtl-dienstleistunge\/jtl-pos\/","title":{"rendered":"JTL-POS \u2013 nahtlos mit JTL-Wawi"},"content":{"rendered":"\n<div class=\"wp-block-cover is-light\"><img loading=\"lazy\" decoding=\"async\" width=\"1024\" height=\"683\" class=\"wp-block-cover__image-background wp-image-226 size-large\" alt=\"\" src=\"https:\/\/jdtec.eu\/wp-content\/uploads\/2025\/08\/POS-Uebersicht-JTL-Kasse-1024x683.png\" data-object-fit=\"cover\" srcset=\"https:\/\/jdtec.eu\/wp-content\/uploads\/2025\/08\/POS-Uebersicht-JTL-Kasse-1024x683.png 1024w, https:\/\/jdtec.eu\/wp-content\/uploads\/2025\/08\/POS-Uebersicht-JTL-Kasse-300x200.png 300w, https:\/\/jdtec.eu\/wp-content\/uploads\/2025\/08\/POS-Uebersicht-JTL-Kasse-768x512.png 768w, https:\/\/jdtec.eu\/wp-content\/uploads\/2025\/08\/POS-Uebersicht-JTL-Kasse-930x620.png 930w, https:\/\/jdtec.eu\/wp-content\/uploads\/2025\/08\/POS-Uebersicht-JTL-Kasse.png 1536w\" sizes=\"auto, (max-width: 1024px) 100vw, 1024px\" \/><span aria-hidden=\"true\" class=\"wp-block-cover__background has-background-dim\" style=\"background-color:#e7d7b9\"><\/span><div class=\"wp-block-cover__inner-container is-layout-flow wp-block-cover-is-layout-flow\">\n<p class=\"has-text-align-center has-large-font-size\"><mark style=\"background-color:rgba(0, 0, 0, 0)\" class=\"has-inline-color has-nv-dark-bg-color\">JTL POS ist die Kassenl\u00f6sung von JTL. Die richtige Wahl f\u00fcr alle, die hybrid station\u00e4r\/online verkaufen oder f\u00fcr den Onlineshop die Option \u201eAbholung mit Zahlung vor Ort\u201c nutzen.<\/mark><\/p>\n<\/div><\/div>\n\n\n\n<div style=\"height:50px\" aria-hidden=\"true\" class=\"wp-block-spacer\"><\/div>\n\n\n\n<div class=\"wp-block-columns is-layout-flex wp-container-core-columns-is-layout-9d6595d7 wp-block-columns-is-layout-flex\">\n<div class=\"wp-block-column is-layout-flow wp-block-column-is-layout-flow\" style=\"flex-basis:33.33%\">\n<figure class=\"wp-block-image size-large\"><img loading=\"lazy\" decoding=\"async\" width=\"683\" height=\"1024\" src=\"https:\/\/jdtec.eu\/wp-content\/uploads\/2025\/08\/JTL-POS-Kassensoftware-uebersicht-683x1024.png\" alt=\"\" class=\"wp-image-224\" srcset=\"https:\/\/jdtec.eu\/wp-content\/uploads\/2025\/08\/JTL-POS-Kassensoftware-uebersicht-683x1024.png 683w, https:\/\/jdtec.eu\/wp-content\/uploads\/2025\/08\/JTL-POS-Kassensoftware-uebersicht-200x300.png 200w, https:\/\/jdtec.eu\/wp-content\/uploads\/2025\/08\/JTL-POS-Kassensoftware-uebersicht-768x1152.png 768w, https:\/\/jdtec.eu\/wp-content\/uploads\/2025\/08\/JTL-POS-Kassensoftware-uebersicht.png 1024w\" sizes=\"auto, (max-width: 683px) 100vw, 683px\" \/><\/figure>\n<\/div>\n\n\n\n<div class=\"wp-block-column is-layout-flow wp-block-column-is-layout-flow\" style=\"flex-basis:66.66%\">\n<ul class=\"wp-block-list\">\n<li><strong>Nahtlose Integration mit <em><a href=\"https:\/\/jdtec.eu\/index.php\/jtl-dienstleistunge\/jtl-wawi\/\">JTL-Wawi<\/a><\/em><\/strong><br>Nutzt bestehende <strong><em>Auftr\u00e4ge<\/em><\/strong> aus <strong><em>JTL-Wawi<\/em><\/strong> oder erfasst neue <strong><em>Verk\u00e4ufe<\/em><\/strong> direkt an der <strong><em>Kasse<\/em><\/strong> \u2013 <strong><em>\u00c4nderungen<\/em><\/strong> synchronisieren sich in <strong><em>Echtzeit<\/em><\/strong> in Ihrem <strong><em>Warenwirtschaftssystem<\/em><\/strong>, inklusive <strong><em>Bestandsaktualisierung<\/em><\/strong> bei <strong><em>station\u00e4rem Verkauf<\/em><\/strong>, sodass <strong><em>Artikel<\/em><\/strong> sofort aus <strong><em>Online-Angeboten<\/em><\/strong> verschwinden.<\/li>\n\n\n\n<li><strong><em>Standalone-Modus<\/em><\/strong> verf\u00fcgbar<br>Alternativ funktioniert <strong><em>JTL-POS<\/em><\/strong> auch <strong><em>autark<\/em><\/strong> als eigenst\u00e4ndige <strong><em>Kassensoftware<\/em><\/strong> ohne <strong><em>JTL-Wawi-Anbindung<\/em><\/strong> \u2013 ideal f\u00fcr <strong><em>flexiblen Einsatz<\/em><\/strong> oder erste <strong><em>Einstiegsszenarien<\/em><\/strong>.<\/li>\n\n\n\n<li><strong>TSE- &amp; Zahlungs-Compliance<\/strong> gew\u00e4hrleistet<br><strong><em>JTL-POS<\/em><\/strong> erf\u00fcllt vollst\u00e4ndig die Anforderungen der deutschen <strong><em>Kassensicherungsverordnung (KassenSichV)<\/em><\/strong> und ist mit <strong><em>zertifizierten TSE-Modulen<\/em><\/strong> (von EPSON, Swissbit oder Fiskal Cloud) erweiterbar. <strong><em>Duale Ausfallsicherheit<\/em><\/strong> inklusive <strong><em>Logging<\/em><\/strong>, <strong><em>Benutzerrechteverwaltung<\/em><\/strong> und <strong><em>automatischer Abmeldung<\/em><\/strong> per Update sichergestellt.<\/li>\n\n\n\n<li><strong>Flexibel f\u00fcr unterschiedliche <em>Preisregimes<\/em><\/strong><br>Dank <strong><em>Kundengruppensteuerung<\/em><\/strong> in <a href=\"https:\/\/jdtec.eu\/index.php\/jtl-dienstleistunge\/jtl-wawi\/\"><strong><em>JTL-Wawi<\/em><\/strong> l<\/a>assen sich <strong><em>differenzierte Preise<\/em><\/strong> f\u00fcr <strong><em>station\u00e4r<\/em><\/strong> vs. <strong><em>online<\/em><\/strong> problemlos abbilden.<\/li>\n\n\n\n<li><strong>Android-basiert \u2013 mobil oder station\u00e4r einsetzbar<\/strong><br><strong><em>JTL-POS<\/em><\/strong> l\u00e4uft auf <strong><em>Android (ab v11.0)<\/em><\/strong> und l\u00e4sst sich sowohl auf <strong><em>Standard-Tablets<\/em><\/strong> f\u00fcr den Einstieg als auch auf <strong><em>robusten Android-Kassensystemen<\/em><\/strong> skalieren \u2013 perfekt f\u00fcr <strong><em>kleine Shops<\/em><\/strong>, <strong><em>M\u00e4rkte<\/em><\/strong> oder <strong><em>frequentierte Umgebungen<\/em><\/strong>.<\/li>\n<\/ul>\n<\/div>\n<\/div>\n\n\n\n<div class=\"wp-block-buttons is-layout-flex wp-block-buttons-is-layout-flex\">\n<div class=\"wp-block-button\"><a class=\"wp-block-button__link wp-element-button\" href=\"https:\/\/jdtec.eu\/index.php\/contact\/\">Kontakt <\/a><\/div>\n<\/div>\n\n\n\n<div style=\"height:80px\" aria-hidden=\"true\" class=\"wp-block-spacer\"><\/div>\n\n\n<p>Unser Angebot im Bereich JTL POS umfasst die vollst\u00e4ndige <em><strong>Planung<\/strong> <\/em>und <em><strong>Umsetzung<\/strong> <\/em>von der Wahl der richtigen <em><strong>Kassen-Hardware<\/strong><\/em>, Installation von Hard- und Software f\u00fcr JTL POS, Anbindung an die JTL Wawi, Anbindung von Kartenterminals bis hin zu eventuellen Anpassungen in der <a href=\"https:\/\/jdtec.eu\/index.php\/jtl-dienstleistunge\/jtl-wawi\/\">JTL Wawi<\/a> wie z.B. Kundengruppenpreise oder das Anlegen von Ladenlokalen als JTL-\u201eLager\u201c. Auch Migrationen von bestehenden Kassensystemen \u00fcbernehmen\u00a0wir\u00a0gerne.<\/p>\n\n\n<p><\/p>\n","protected":false},"excerpt":{"rendered":"<p>Unser Angebot im Bereich JTL POS umfasst die vollst\u00e4ndige Planung und Umsetzung von der Wahl der richtigen Kassen-Hardware, Installation von Hard- und Software f\u00fcr JTL POS, Anbindung an die JTL Wawi, Anbindung von Kartenterminals bis hin zu eventuellen Anpassungen in der JTL Wawi wie z.B. Kundengruppenpreise oder das Anlegen von Ladenlokalen als JTL-\u201eLager\u201c. Auch Migrationen&hellip;&nbsp;<a href=\"https:\/\/jdtec.eu\/index.php\/jtl-dienstleistunge\/jtl-pos\/\" rel=\"bookmark\"><span class=\"screen-reader-text\">JTL-POS \u2013 nahtlos mit JTL-Wawi<\/span><\/a><\/p>\n","protected":false},"author":1,"featured_media":0,"parent":53,"menu_order":0,"comment_status":"closed","ping_status":"closed","template":"","meta":{"neve_meta_sidebar":"","neve_meta_container":"","neve_meta_enable_content_width":"","neve_meta_content_width":0,"neve_meta_title_alignment":"","neve_meta_author_avatar":"","neve_post_elements_order":"","neve_meta_disable_header":"","neve_meta_disable_footer":"","neve_meta_disable_title":"","_themeisle_gutenberg_block_has_review":false,"footnotes":""},"class_list":["post-60","page","type-page","status-publish","hentry"],"yoast_head":"<!-- This site is optimized with the Yoast SEO plugin v26.0 - https:\/\/yoast.com\/wordpress\/plugins\/seo\/ -->\n<title>JTL-POS \u2013 nahtlos mit JTL-Wawi - jd.tec | IT-Service<\/title>\n<meta name=\"description\" content=\"JTL-POS Einrichtung, Anpassung &amp; Support. Wir verbinden Ihre Kasse nahtlos mit JTL-Wawi f\u00fcr effiziente Abl\u00e4ufe im station\u00e4ren Handel.\" \/>\n<meta name=\"robots\" content=\"index, follow, max-snippet:-1, max-image-preview:large, max-video-preview:-1\" \/>\n<link rel=\"canonical\" href=\"https:\/\/jdtec.eu\/index.php\/jtl-dienstleistunge\/jtl-pos\/\" \/>\n<meta property=\"og:locale\" content=\"de_DE\" \/>\n<meta property=\"og:type\" content=\"article\" \/>\n<meta property=\"og:title\" content=\"JTL-POS \u2013 nahtlos mit JTL-Wawi - jd.tec | IT-Service\" \/>\n<meta property=\"og:description\" content=\"JTL-POS Einrichtung, Anpassung &amp; Support. Wir verbinden Ihre Kasse nahtlos mit JTL-Wawi f\u00fcr effiziente Abl\u00e4ufe im station\u00e4ren Handel.\" \/>\n<meta property=\"og:url\" content=\"https:\/\/jdtec.eu\/index.php\/jtl-dienstleistunge\/jtl-pos\/\" \/>\n<meta property=\"og:site_name\" content=\"jd.tec | IT-Service\" \/>\n<meta property=\"article:publisher\" content=\"https:\/\/www.facebook.com\/jdtec.eu\" \/>\n<meta property=\"article:modified_time\" content=\"2025-08-14T13:31:22+00:00\" \/>\n<meta property=\"og:image\" content=\"https:\/\/jdtec.eu\/wp-content\/uploads\/2025\/08\/POS-Uebersicht-JTL-Kasse-1024x683.png\" \/>\n\t<meta property=\"og:image:width\" content=\"1024\" \/>\n\t<meta property=\"og:image:height\" content=\"683\" \/>\n\t<meta property=\"og:image:type\" content=\"image\/png\" \/>\n<meta name=\"twitter:card\" content=\"summary_large_image\" \/>\n<meta name=\"twitter:label1\" content=\"Gesch\u00e4tzte Lesezeit\" \/>\n\t<meta name=\"twitter:data1\" content=\"2\u00a0Minuten\" \/>\n<script type=\"application\/ld+json\" class=\"yoast-schema-graph\">{\"@context\":\"https:\/\/schema.org\",\"@graph\":[{\"@type\":\"WebPage\",\"@id\":\"https:\/\/jdtec.eu\/index.php\/jtl-dienstleistunge\/jtl-pos\/\",\"url\":\"https:\/\/jdtec.eu\/index.php\/jtl-dienstleistunge\/jtl-pos\/\",\"name\":\"JTL-POS \u2013 nahtlos mit JTL-Wawi - jd.tec | IT-Service\",\"isPartOf\":{\"@id\":\"https:\/\/jdtec.eu\/#website\"},\"primaryImageOfPage\":{\"@id\":\"https:\/\/jdtec.eu\/index.php\/jtl-dienstleistunge\/jtl-pos\/#primaryimage\"},\"image\":{\"@id\":\"https:\/\/jdtec.eu\/index.php\/jtl-dienstleistunge\/jtl-pos\/#primaryimage\"},\"thumbnailUrl\":\"https:\/\/jdtec.eu\/wp-content\/uploads\/2025\/08\/POS-Uebersicht-JTL-Kasse-1024x683.png\",\"datePublished\":\"2025-07-01T20:34:23+00:00\",\"dateModified\":\"2025-08-14T13:31:22+00:00\",\"description\":\"JTL-POS Einrichtung, Anpassung & Support. Wir verbinden Ihre Kasse nahtlos mit JTL-Wawi f\u00fcr effiziente Abl\u00e4ufe im station\u00e4ren Handel.\",\"breadcrumb\":{\"@id\":\"https:\/\/jdtec.eu\/index.php\/jtl-dienstleistunge\/jtl-pos\/#breadcrumb\"},\"inLanguage\":\"de\",\"potentialAction\":[{\"@type\":\"ReadAction\",\"target\":[\"https:\/\/jdtec.eu\/index.php\/jtl-dienstleistunge\/jtl-pos\/\"]}]},{\"@type\":\"ImageObject\",\"inLanguage\":\"de\",\"@id\":\"https:\/\/jdtec.eu\/index.php\/jtl-dienstleistunge\/jtl-pos\/#primaryimage\",\"url\":\"https:\/\/jdtec.eu\/wp-content\/uploads\/2025\/08\/POS-Uebersicht-JTL-Kasse.png\",\"contentUrl\":\"https:\/\/jdtec.eu\/wp-content\/uploads\/2025\/08\/POS-Uebersicht-JTL-Kasse.png\",\"width\":1536,\"height\":1024},{\"@type\":\"BreadcrumbList\",\"@id\":\"https:\/\/jdtec.eu\/index.php\/jtl-dienstleistunge\/jtl-pos\/#breadcrumb\",\"itemListElement\":[{\"@type\":\"ListItem\",\"position\":1,\"name\":\"Startseite\",\"item\":\"https:\/\/jdtec.eu\/\"},{\"@type\":\"ListItem\",\"position\":2,\"name\":\"JTL-Dienstleistungen \u2013 alles aus einer Hand\",\"item\":\"https:\/\/jdtec.eu\/index.php\/jtl-dienstleistunge\/\"},{\"@type\":\"ListItem\",\"position\":3,\"name\":\"JTL-POS \u2013 nahtlos mit JTL-Wawi\"}]},{\"@type\":\"WebSite\",\"@id\":\"https:\/\/jdtec.eu\/#website\",\"url\":\"https:\/\/jdtec.eu\/\",\"name\":\"jd.tec | IT-Service\",\"description\":\"\",\"publisher\":{\"@id\":\"https:\/\/jdtec.eu\/#organization\"},\"potentialAction\":[{\"@type\":\"SearchAction\",\"target\":{\"@type\":\"EntryPoint\",\"urlTemplate\":\"https:\/\/jdtec.eu\/?s={search_term_string}\"},\"query-input\":{\"@type\":\"PropertyValueSpecification\",\"valueRequired\":true,\"valueName\":\"search_term_string\"}}],\"inLanguage\":\"de\"},{\"@type\":\"Organization\",\"@id\":\"https:\/\/jdtec.eu\/#organization\",\"name\":\"jd.tec | IT-Service\",\"url\":\"https:\/\/jdtec.eu\/\",\"logo\":{\"@type\":\"ImageObject\",\"inLanguage\":\"de\",\"@id\":\"https:\/\/jdtec.eu\/#\/schema\/logo\/image\/\",\"url\":\"https:\/\/jdtec.eu\/wp-content\/uploads\/2025\/07\/cropped-logo_transparent.png\",\"contentUrl\":\"https:\/\/jdtec.eu\/wp-content\/uploads\/2025\/07\/cropped-logo_transparent.png\",\"width\":200,\"height\":92,\"caption\":\"jd.tec | IT-Service\"},\"image\":{\"@id\":\"https:\/\/jdtec.eu\/#\/schema\/logo\/image\/\"},\"sameAs\":[\"https:\/\/www.facebook.com\/jdtec.eu\"]}]}<\/script>\n<!-- \/ Yoast SEO plugin. -->","yoast_head_json":{"title":"JTL-POS \u2013 nahtlos mit JTL-Wawi - jd.tec | IT-Service","description":"JTL-POS Einrichtung, Anpassung & Support. Wir verbinden Ihre Kasse nahtlos mit JTL-Wawi f\u00fcr effiziente Abl\u00e4ufe im station\u00e4ren Handel.","robots":{"index":"index","follow":"follow","max-snippet":"max-snippet:-1","max-image-preview":"max-image-preview:large","max-video-preview":"max-video-preview:-1"},"canonical":"https:\/\/jdtec.eu\/index.php\/jtl-dienstleistunge\/jtl-pos\/","og_locale":"de_DE","og_type":"article","og_title":"JTL-POS \u2013 nahtlos mit JTL-Wawi - jd.tec | IT-Service","og_description":"JTL-POS Einrichtung, Anpassung & Support. Wir verbinden Ihre Kasse nahtlos mit JTL-Wawi f\u00fcr effiziente Abl\u00e4ufe im station\u00e4ren Handel.","og_url":"https:\/\/jdtec.eu\/index.php\/jtl-dienstleistunge\/jtl-pos\/","og_site_name":"jd.tec | IT-Service","article_publisher":"https:\/\/www.facebook.com\/jdtec.eu","article_modified_time":"2025-08-14T13:31:22+00:00","og_image":[{"width":1024,"height":683,"url":"https:\/\/jdtec.eu\/wp-content\/uploads\/2025\/08\/POS-Uebersicht-JTL-Kasse-1024x683.png","type":"image\/png"}],"twitter_card":"summary_large_image","twitter_misc":{"Gesch\u00e4tzte Lesezeit":"2\u00a0Minuten"},"schema":{"@context":"https:\/\/schema.org","@graph":[{"@type":"WebPage","@id":"https:\/\/jdtec.eu\/index.php\/jtl-dienstleistunge\/jtl-pos\/","url":"https:\/\/jdtec.eu\/index.php\/jtl-dienstleistunge\/jtl-pos\/","name":"JTL-POS \u2013 nahtlos mit JTL-Wawi - jd.tec | IT-Service","isPartOf":{"@id":"https:\/\/jdtec.eu\/#website"},"primaryImageOfPage":{"@id":"https:\/\/jdtec.eu\/index.php\/jtl-dienstleistunge\/jtl-pos\/#primaryimage"},"image":{"@id":"https:\/\/jdtec.eu\/index.php\/jtl-dienstleistunge\/jtl-pos\/#primaryimage"},"thumbnailUrl":"https:\/\/jdtec.eu\/wp-content\/uploads\/2025\/08\/POS-Uebersicht-JTL-Kasse-1024x683.png","datePublished":"2025-07-01T20:34:23+00:00","dateModified":"2025-08-14T13:31:22+00:00","description":"JTL-POS Einrichtung, Anpassung & Support. Wir verbinden Ihre Kasse nahtlos mit JTL-Wawi f\u00fcr effiziente Abl\u00e4ufe im station\u00e4ren Handel.","breadcrumb":{"@id":"https:\/\/jdtec.eu\/index.php\/jtl-dienstleistunge\/jtl-pos\/#breadcrumb"},"inLanguage":"de","potentialAction":[{"@type":"ReadAction","target":["https:\/\/jdtec.eu\/index.php\/jtl-dienstleistunge\/jtl-pos\/"]}]},{"@type":"ImageObject","inLanguage":"de","@id":"https:\/\/jdtec.eu\/index.php\/jtl-dienstleistunge\/jtl-pos\/#primaryimage","url":"https:\/\/jdtec.eu\/wp-content\/uploads\/2025\/08\/POS-Uebersicht-JTL-Kasse.png","contentUrl":"https:\/\/jdtec.eu\/wp-content\/uploads\/2025\/08\/POS-Uebersicht-JTL-Kasse.png","width":1536,"height":1024},{"@type":"BreadcrumbList","@id":"https:\/\/jdtec.eu\/index.php\/jtl-dienstleistunge\/jtl-pos\/#breadcrumb","itemListElement":[{"@type":"ListItem","position":1,"name":"Startseite","item":"https:\/\/jdtec.eu\/"},{"@type":"ListItem","position":2,"name":"JTL-Dienstleistungen \u2013 alles aus einer Hand","item":"https:\/\/jdtec.eu\/index.php\/jtl-dienstleistunge\/"},{"@type":"ListItem","position":3,"name":"JTL-POS \u2013 nahtlos mit JTL-Wawi"}]},{"@type":"WebSite","@id":"https:\/\/jdtec.eu\/#website","url":"https:\/\/jdtec.eu\/","name":"jd.tec | IT-Service","description":"","publisher":{"@id":"https:\/\/jdtec.eu\/#organization"},"potentialAction":[{"@type":"SearchAction","target":{"@type":"EntryPoint","urlTemplate":"https:\/\/jdtec.eu\/?s={search_term_string}"},"query-input":{"@type":"PropertyValueSpecification","valueRequired":true,"valueName":"search_term_string"}}],"inLanguage":"de"},{"@type":"Organization","@id":"https:\/\/jdtec.eu\/#organization","name":"jd.tec | IT-Service","url":"https:\/\/jdtec.eu\/","logo":{"@type":"ImageObject","inLanguage":"de","@id":"https:\/\/jdtec.eu\/#\/schema\/logo\/image\/","url":"https:\/\/jdtec.eu\/wp-content\/uploads\/2025\/07\/cropped-logo_transparent.png","contentUrl":"https:\/\/jdtec.eu\/wp-content\/uploads\/2025\/07\/cropped-logo_transparent.png","width":200,"height":92,"caption":"jd.tec | IT-Service"},"image":{"@id":"https:\/\/jdtec.eu\/#\/schema\/logo\/image\/"},"sameAs":["https:\/\/www.facebook.com\/jdtec.eu"]}]}},"_links":{"self":[{"href":"https:\/\/jdtec.eu\/index.php\/wp-json\/wp\/v2\/pages\/60","targetHints":{"allow":["GET"]}}],"collection":[{"href":"https:\/\/jdtec.eu\/index.php\/wp-json\/wp\/v2\/pages"}],"about":[{"href":"https:\/\/jdtec.eu\/index.php\/wp-json\/wp\/v2\/types\/page"}],"author":[{"embeddable":true,"href":"https:\/\/jdtec.eu\/index.php\/wp-json\/wp\/v2\/users\/1"}],"replies":[{"embeddable":true,"href":"https:\/\/jdtec.eu\/index.php\/wp-json\/wp\/v2\/comments?post=60"}],"version-history":[{"count":10,"href":"https:\/\/jdtec.eu\/index.php\/wp-json\/wp\/v2\/pages\/60\/revisions"}],"predecessor-version":[{"id":315,"href":"https:\/\/jdtec.eu\/index.php\/wp-json\/wp\/v2\/pages\/60\/revisions\/315"}],"up":[{"embeddable":true,"href":"https:\/\/jdtec.eu\/index.php\/wp-json\/wp\/v2\/pages\/53"}],"wp:attachment":[{"href":"https:\/\/jdtec.eu\/index.php\/wp-json\/wp\/v2\/media?parent=60"}],"curies":[{"name":"wp","href":"https:\/\/api.w.org\/{rel}","templated":true}]}}