{"id":58,"date":"2025-07-01T22:33:46","date_gmt":"2025-07-01T20:33:46","guid":{"rendered":"https:\/\/jdtec.eu\/?page_id=58"},"modified":"2025-08-14T15:22:33","modified_gmt":"2025-08-14T13:22:33","slug":"jtl-wawi","status":"publish","type":"page","link":"https:\/\/jdtec.eu\/index.php\/jtl-dienstleistunge\/jtl-wawi\/","title":{"rendered":"JTL-Wawi \u2013 Ihre Warenwirtschaft, perfekt aufgestellt"},"content":{"rendered":"\n<div class=\"wp-block-cover wp-duotone-unset-1\"><img loading=\"lazy\" decoding=\"async\" width=\"1024\" height=\"683\" class=\"wp-block-cover__image-background wp-image-132\" alt=\"\" src=\"https:\/\/jdtec.eu\/wp-content\/uploads\/2025\/08\/JTL-Wawi-header-1024x683.png\" data-object-fit=\"cover\" srcset=\"https:\/\/jdtec.eu\/wp-content\/uploads\/2025\/08\/JTL-Wawi-header-1024x683.png 1024w, https:\/\/jdtec.eu\/wp-content\/uploads\/2025\/08\/JTL-Wawi-header-300x200.png 300w, https:\/\/jdtec.eu\/wp-content\/uploads\/2025\/08\/JTL-Wawi-header-768x512.png 768w, https:\/\/jdtec.eu\/wp-content\/uploads\/2025\/08\/JTL-Wawi-header-930x620.png 930w, https:\/\/jdtec.eu\/wp-content\/uploads\/2025\/08\/JTL-Wawi-header.png 1536w\" sizes=\"auto, (max-width: 1024px) 100vw, 1024px\" \/><span aria-hidden=\"true\" class=\"wp-block-cover__background has-background-dim\"><\/span><div class=\"wp-block-cover__inner-container is-layout-flow wp-block-cover-is-layout-flow\">\n<p class=\"has-text-align-center has-large-font-size\"><mark style=\"background-color:rgba(0, 0, 0, 0)\" class=\"has-inline-color has-nv-site-bg-color\">Die Warenwirtschaft ist das Herz jeder JTL-Struktur. Hier werden Artikeldaten, Angebote, Kundendaten, Kundenbestellungen, Lieferantenbestellungen gepflegt und der Versand abgewickelt. Unser Angebot richtet sich an JTL-Einsteiger und JTL-Aufsteiger gleicherma\u00dfen.<\/mark><\/p>\n<\/div><\/div>\n\n\n\n<div style=\"height:100px\" aria-hidden=\"true\" class=\"wp-block-spacer\"><\/div>\n\n\n\n<div class=\"wp-block-columns is-layout-flex wp-container-core-columns-is-layout-9d6595d7 wp-block-columns-is-layout-flex\">\n<div class=\"wp-block-column is-layout-flow wp-block-column-is-layout-flow\" style=\"flex-basis:66.66%\">\n<h2 class=\"wp-block-heading\">F\u00fcr Einsteiger und Neustarts:<\/h2>\n\n\n\n<div id=\"wp-block-themeisle-blocks-icon-list-e3d910f7\" class=\"wp-block-themeisle-blocks-icon-list\">\n<div id=\"wp-block-themeisle-blocks-icon-list-item-e87acaa0\" class=\"wp-block-themeisle-blocks-icon-list-item\"><i class=\"fas fa-check wp-block-themeisle-blocks-icon-list-item-icon\"><\/i><p class=\"wp-block-themeisle-blocks-icon-list-item-content\">Installation von Server und Clients und Grundeinrichtung<\/p><\/div>\n\n\n\n<div id=\"wp-block-themeisle-blocks-icon-list-item-263d79bc\" class=\"wp-block-themeisle-blocks-icon-list-item\"><i class=\"fas fa-check wp-block-themeisle-blocks-icon-list-item-icon\"><\/i><p class=\"wp-block-themeisle-blocks-icon-list-item-content\">Konfiguration von Firmendaten, Steuereinstellungen, Lagern und anderen Basisdaten<\/p><\/div>\n\n\n\n<div id=\"wp-block-themeisle-blocks-icon-list-item-ffbc00fa\" class=\"wp-block-themeisle-blocks-icon-list-item\"><i class=\"fas fa-check wp-block-themeisle-blocks-icon-list-item-icon\"><\/i><p class=\"wp-block-themeisle-blocks-icon-list-item-content\">Daten\u00fcbernahme aus Alt-Systemen oder Import von Herstellerdaten<\/p><\/div>\n\n\n\n<div id=\"wp-block-themeisle-blocks-icon-list-item-3f7bbc8b\" class=\"wp-block-themeisle-blocks-icon-list-item\"><i class=\"fas fa-check wp-block-themeisle-blocks-icon-list-item-icon\"><\/i><p class=\"wp-block-themeisle-blocks-icon-list-item-content\">Anbindung von Amazon, ebay, Kaufland und weiteren Verkaufskan\u00e4len und nat\u00fcrlich dem eigenen <a href=\"https:\/\/jdtec.eu\/index.php\/jtl-dienstleistunge\/jtl-shop\/\">Webshop<\/a><\/p><\/div>\n\n\n\n<div id=\"wp-block-themeisle-blocks-icon-list-item-17ab030b\" class=\"wp-block-themeisle-blocks-icon-list-item\"><i class=\"fas fa-check wp-block-themeisle-blocks-icon-list-item-icon\"><\/i><p class=\"wp-block-themeisle-blocks-icon-list-item-content\">Gestaltung der notwendigen Formulare wie Auftr\u00e4ge, Rechnungen, Versandmitteilungen<\/p><\/div>\n\n\n\n<div id=\"wp-block-themeisle-blocks-icon-list-item-131e3e88\" class=\"wp-block-themeisle-blocks-icon-list-item\"><i class=\"fas fa-check wp-block-themeisle-blocks-icon-list-item-icon\"><\/i><p class=\"wp-block-themeisle-blocks-icon-list-item-content\">Einrichtung des Versandablaufs mit Packtisch + oder WMS<\/p><\/div>\n\n\n\n<div id=\"wp-block-themeisle-blocks-icon-list-item-8a7e1bcb\" class=\"wp-block-themeisle-blocks-icon-list-item\"><i class=\"fas fa-check wp-block-themeisle-blocks-icon-list-item-icon\"><\/i><p class=\"wp-block-themeisle-blocks-icon-list-item-content\">Schulungen und Begleitung der Einf\u00fchrung<\/p><\/div>\n\n\n\n<div id=\"wp-block-themeisle-blocks-icon-list-item-bb4db647\" class=\"wp-block-themeisle-blocks-icon-list-item\"><i class=\"fas fa-check wp-block-themeisle-blocks-icon-list-item-icon\"><\/i><p class=\"wp-block-themeisle-blocks-icon-list-item-content\">Support adhoc und im Rahmen von Wartungsvertr\u00e4gen<\/p><\/div>\n\n\n\n<div id=\"wp-block-themeisle-blocks-icon-list-item-e4696445\" class=\"wp-block-themeisle-blocks-icon-list-item\"><i class=\"fas fa-check wp-block-themeisle-blocks-icon-list-item-icon\"><\/i><p class=\"wp-block-themeisle-blocks-icon-list-item-content\">Hosting von Datenbank und WaWi Installation<\/p><\/div>\n<\/div>\n\n\n\n<div style=\"height:10px\" aria-hidden=\"true\" class=\"wp-block-spacer\"><\/div>\n\n\n\n<div class=\"wp-block-buttons is-layout-flex wp-block-buttons-is-layout-flex\">\n<div class=\"wp-block-button\"><a class=\"wp-block-button__link wp-element-button\">Kontakt <\/a><\/div>\n<\/div>\n\n\n\n<div style=\"height:10px\" aria-hidden=\"true\" class=\"wp-block-spacer\"><\/div>\n\n\n\n<p>Ihr ben\u00f6tigt spezielle <em><strong>Beratung<\/strong> <\/em>zu einem nicht aufgef\u00fchrten Thema? Kein Problem. Gerne erstellen wir individuelle Angebote.<\/p>\n<\/div>\n\n\n\n<div class=\"wp-block-column is-layout-flow wp-block-column-is-layout-flow\" style=\"flex-basis:33.33%\">\n<figure class=\"wp-block-image size-large\"><img loading=\"lazy\" decoding=\"async\" width=\"683\" height=\"1024\" src=\"https:\/\/jdtec.eu\/wp-content\/uploads\/2025\/08\/JTL-Wawi-jdtec-uebersicht-onlinehandel-683x1024.png\" alt=\"\" class=\"wp-image-177\" srcset=\"https:\/\/jdtec.eu\/wp-content\/uploads\/2025\/08\/JTL-Wawi-jdtec-uebersicht-onlinehandel-683x1024.png 683w, https:\/\/jdtec.eu\/wp-content\/uploads\/2025\/08\/JTL-Wawi-jdtec-uebersicht-onlinehandel-200x300.png 200w, https:\/\/jdtec.eu\/wp-content\/uploads\/2025\/08\/JTL-Wawi-jdtec-uebersicht-onlinehandel-768x1152.png 768w, https:\/\/jdtec.eu\/wp-content\/uploads\/2025\/08\/JTL-Wawi-jdtec-uebersicht-onlinehandel.png 1024w\" sizes=\"auto, (max-width: 683px) 100vw, 683px\" \/><\/figure>\n<\/div>\n<\/div>\n\n\n\n<div style=\"height:40px\" aria-hidden=\"true\" class=\"wp-block-spacer\"><\/div>\n\n\n\n<div class=\"wp-block-columns is-layout-flex wp-container-core-columns-is-layout-9d6595d7 wp-block-columns-is-layout-flex\">\n<div class=\"wp-block-column is-layout-flow wp-block-column-is-layout-flow\" style=\"flex-basis:33.33%\">\n<figure class=\"wp-block-image size-large\"><img loading=\"lazy\" decoding=\"async\" width=\"683\" height=\"1024\" src=\"https:\/\/jdtec.eu\/wp-content\/uploads\/2025\/08\/JTL-Wawi-erweitert-onlineshopping-e-commerce-683x1024.png\" alt=\"\" class=\"wp-image-179\" srcset=\"https:\/\/jdtec.eu\/wp-content\/uploads\/2025\/08\/JTL-Wawi-erweitert-onlineshopping-e-commerce-683x1024.png 683w, https:\/\/jdtec.eu\/wp-content\/uploads\/2025\/08\/JTL-Wawi-erweitert-onlineshopping-e-commerce-200x300.png 200w, https:\/\/jdtec.eu\/wp-content\/uploads\/2025\/08\/JTL-Wawi-erweitert-onlineshopping-e-commerce-768x1152.png 768w, https:\/\/jdtec.eu\/wp-content\/uploads\/2025\/08\/JTL-Wawi-erweitert-onlineshopping-e-commerce.png 1024w\" sizes=\"auto, (max-width: 683px) 100vw, 683px\" \/><\/figure>\n<\/div>\n\n\n\n<div class=\"wp-block-column is-layout-flow wp-block-column-is-layout-flow\" style=\"flex-basis:66.66%\">\n<h2 class=\"wp-block-heading\">F\u00fcr Fortgeschrittene:<\/h2>\n\n\n\n<div id=\"wp-block-themeisle-blocks-icon-list-571f2d68\" class=\"wp-block-themeisle-blocks-icon-list\">\n<div id=\"wp-block-themeisle-blocks-icon-list-item-84c28746\" class=\"wp-block-themeisle-blocks-icon-list-item\"><i class=\"fas fa-check wp-block-themeisle-blocks-icon-list-item-icon\"><\/i><p class=\"wp-block-themeisle-blocks-icon-list-item-content\">Automatisierung von Abl\u00e4ufen durch Workflows<\/p><\/div>\n\n\n\n<div id=\"wp-block-themeisle-blocks-icon-list-item-6f1f6bd4\" class=\"wp-block-themeisle-blocks-icon-list-item\"><i class=\"fas fa-check wp-block-themeisle-blocks-icon-list-item-icon\"><\/i><p class=\"wp-block-themeisle-blocks-icon-list-item-content\">Automatisierung von Abl\u00e4ufen durch passgenaue und\/oder zeitgesteuerte Datenimporte und -exporte<\/p><\/div>\n\n\n\n<div id=\"wp-block-themeisle-blocks-icon-list-item-8b3033ba\" class=\"wp-block-themeisle-blocks-icon-list-item\"><i class=\"fas fa-check wp-block-themeisle-blocks-icon-list-item-icon\"><\/i><p class=\"wp-block-themeisle-blocks-icon-list-item-content\">Unterst\u00fctzung bei der Internationalisierung des Verkaufs von Steuers\u00e4tzen bis zur automatisierten \u00dcbersetzung von Artikelbeschreibungen<\/p><\/div>\n\n\n\n<div id=\"wp-block-themeisle-blocks-icon-list-item-d0a6a0b7\" class=\"wp-block-themeisle-blocks-icon-list-item\"><i class=\"fas fa-check wp-block-themeisle-blocks-icon-list-item-icon\"><\/i><p class=\"wp-block-themeisle-blocks-icon-list-item-content\">Planung, Test und Durchf\u00fchrung von Updates<\/p><\/div>\n\n\n\n<div id=\"wp-block-themeisle-blocks-icon-list-item-d3d2e799\" class=\"wp-block-themeisle-blocks-icon-list-item\"><i class=\"fas fa-check wp-block-themeisle-blocks-icon-list-item-icon\"><\/i><p class=\"wp-block-themeisle-blocks-icon-list-item-content\">Abbildung aller individuellen Anforderungen<\/p><\/div>\n\n\n\n<div id=\"wp-block-themeisle-blocks-icon-list-item-a64d0119\" class=\"wp-block-themeisle-blocks-icon-list-item\"><i class=\"fas fa-check wp-block-themeisle-blocks-icon-list-item-icon\"><\/i><p class=\"wp-block-themeisle-blocks-icon-list-item-content\">Anbindung externer Software \u00fcber API-Schnittstellen, CSV-Transfer, XML-Abrufe usw.<\/p><\/div>\n\n\n\n<div id=\"wp-block-themeisle-blocks-icon-list-item-588fbce0\" class=\"wp-block-themeisle-blocks-icon-list-item\"><i class=\"fas fa-check wp-block-themeisle-blocks-icon-list-item-icon\"><\/i><p class=\"wp-block-themeisle-blocks-icon-list-item-content\">Support adhoc und im Rahmen von Wartungsvertr\u00e4gen<\/p><\/div>\n<\/div>\n\n\n\n<div style=\"height:10px\" aria-hidden=\"true\" class=\"wp-block-spacer\"><\/div>\n\n\n\n<div class=\"wp-block-buttons is-layout-flex wp-block-buttons-is-layout-flex\">\n<div class=\"wp-block-button\"><a class=\"wp-block-button__link wp-element-button\" href=\"https:\/\/jdtec.eu\/index.php\/contact\/\">Kontakt<\/a><\/div>\n<\/div>\n\n\n\n<div style=\"height:10px\" aria-hidden=\"true\" class=\"wp-block-spacer\"><\/div>\n\n\n\n<p>Ihr habt eine abgefahrene Idee, wisst aber nicht, wie diese mit JTL umgesetzt werden kann? <br \/>Kontaktiert uns \u2026 wir finden einen Weg.<\/p>\n<\/div>\n<\/div>\n\n\n\n<p><\/p>\n","protected":false},"excerpt":{"rendered":"<p>F\u00fcr Einsteiger und Neustarts: Ihr ben\u00f6tigt spezielle Beratung zu einem nicht aufgef\u00fchrten Thema? Kein Problem. Gerne erstellen wir individuelle Angebote. F\u00fcr Fortgeschrittene: Ihr habt eine abgefahrene Idee, wisst aber nicht, wie diese mit JTL umgesetzt werden kann? Kontaktiert uns \u2026 wir finden einen Weg.<\/p>\n","protected":false},"author":1,"featured_media":0,"parent":53,"menu_order":0,"comment_status":"closed","ping_status":"closed","template":"","meta":{"neve_meta_sidebar":"","neve_meta_container":"","neve_meta_enable_content_width":"","neve_meta_content_width":0,"neve_meta_title_alignment":"","neve_meta_author_avatar":"","neve_post_elements_order":"","neve_meta_disable_header":"","neve_meta_disable_footer":"","neve_meta_disable_title":"","_themeisle_gutenberg_block_has_review":false,"footnotes":""},"class_list":["post-58","page","type-page","status-publish","hentry"],"yoast_head":"<!-- This site is optimized with the Yoast SEO plugin v26.0 - https:\/\/yoast.com\/wordpress\/plugins\/seo\/ -->\n<title>JTL-Wawi \u2013 Ihre Warenwirtschaft, perfekt aufgestellt - jd.tec | IT-Service<\/title>\n<meta name=\"description\" content=\"JTL-Wawi Einrichtung, Anpassung &amp; Support f\u00fcr Unternehmen. Wir optimieren Ihre Warenwirtschaft f\u00fcr effiziente Prozesse, nahtlose Abl\u00e4ufe und mehr Erfolg.\" \/>\n<meta name=\"robots\" content=\"index, follow, max-snippet:-1, max-image-preview:large, max-video-preview:-1\" \/>\n<link rel=\"canonical\" href=\"https:\/\/jdtec.eu\/index.php\/jtl-dienstleistunge\/jtl-wawi\/\" \/>\n<meta property=\"og:locale\" content=\"de_DE\" \/>\n<meta property=\"og:type\" content=\"article\" \/>\n<meta property=\"og:title\" content=\"JTL-Wawi \u2013 Ihre Warenwirtschaft, perfekt aufgestellt - jd.tec | IT-Service\" \/>\n<meta property=\"og:description\" content=\"JTL-Wawi Einrichtung, Anpassung &amp; Support f\u00fcr Unternehmen. Wir optimieren Ihre Warenwirtschaft f\u00fcr effiziente Prozesse, nahtlose Abl\u00e4ufe und mehr Erfolg.\" \/>\n<meta property=\"og:url\" content=\"https:\/\/jdtec.eu\/index.php\/jtl-dienstleistunge\/jtl-wawi\/\" \/>\n<meta property=\"og:site_name\" content=\"jd.tec | IT-Service\" \/>\n<meta property=\"article:publisher\" content=\"https:\/\/www.facebook.com\/jdtec.eu\" \/>\n<meta property=\"article:modified_time\" content=\"2025-08-14T13:22:33+00:00\" \/>\n<meta property=\"og:image\" content=\"https:\/\/jdtec.eu\/wp-content\/uploads\/2025\/08\/JTL-Wawi-header.png\" \/>\n\t<meta property=\"og:image:width\" content=\"1536\" \/>\n\t<meta property=\"og:image:height\" content=\"1024\" \/>\n\t<meta property=\"og:image:type\" content=\"image\/png\" \/>\n<meta name=\"twitter:card\" content=\"summary_large_image\" \/>\n<meta name=\"twitter:label1\" content=\"Gesch\u00e4tzte Lesezeit\" \/>\n\t<meta name=\"twitter:data1\" content=\"2\u00a0Minuten\" \/>\n<script type=\"application\/ld+json\" class=\"yoast-schema-graph\">{\"@context\":\"https:\/\/schema.org\",\"@graph\":[{\"@type\":\"WebPage\",\"@id\":\"https:\/\/jdtec.eu\/index.php\/jtl-dienstleistunge\/jtl-wawi\/\",\"url\":\"https:\/\/jdtec.eu\/index.php\/jtl-dienstleistunge\/jtl-wawi\/\",\"name\":\"JTL-Wawi \u2013 Ihre Warenwirtschaft, perfekt aufgestellt - jd.tec | IT-Service\",\"isPartOf\":{\"@id\":\"https:\/\/jdtec.eu\/#website\"},\"primaryImageOfPage\":{\"@id\":\"https:\/\/jdtec.eu\/index.php\/jtl-dienstleistunge\/jtl-wawi\/#primaryimage\"},\"image\":{\"@id\":\"https:\/\/jdtec.eu\/index.php\/jtl-dienstleistunge\/jtl-wawi\/#primaryimage\"},\"thumbnailUrl\":\"https:\/\/jdtec.eu\/wp-content\/uploads\/2025\/08\/JTL-Wawi-header-1024x683.png\",\"datePublished\":\"2025-07-01T20:33:46+00:00\",\"dateModified\":\"2025-08-14T13:22:33+00:00\",\"description\":\"JTL-Wawi Einrichtung, Anpassung & Support f\u00fcr Unternehmen. Wir optimieren Ihre Warenwirtschaft f\u00fcr effiziente Prozesse, nahtlose Abl\u00e4ufe und mehr Erfolg.\",\"breadcrumb\":{\"@id\":\"https:\/\/jdtec.eu\/index.php\/jtl-dienstleistunge\/jtl-wawi\/#breadcrumb\"},\"inLanguage\":\"de\",\"potentialAction\":[{\"@type\":\"ReadAction\",\"target\":[\"https:\/\/jdtec.eu\/index.php\/jtl-dienstleistunge\/jtl-wawi\/\"]}]},{\"@type\":\"ImageObject\",\"inLanguage\":\"de\",\"@id\":\"https:\/\/jdtec.eu\/index.php\/jtl-dienstleistunge\/jtl-wawi\/#primaryimage\",\"url\":\"https:\/\/jdtec.eu\/wp-content\/uploads\/2025\/08\/JTL-Wawi-header.png\",\"contentUrl\":\"https:\/\/jdtec.eu\/wp-content\/uploads\/2025\/08\/JTL-Wawi-header.png\",\"width\":1536,\"height\":1024},{\"@type\":\"BreadcrumbList\",\"@id\":\"https:\/\/jdtec.eu\/index.php\/jtl-dienstleistunge\/jtl-wawi\/#breadcrumb\",\"itemListElement\":[{\"@type\":\"ListItem\",\"position\":1,\"name\":\"Startseite\",\"item\":\"https:\/\/jdtec.eu\/\"},{\"@type\":\"ListItem\",\"position\":2,\"name\":\"JTL-Dienstleistungen \u2013 alles aus einer Hand\",\"item\":\"https:\/\/jdtec.eu\/index.php\/jtl-dienstleistunge\/\"},{\"@type\":\"ListItem\",\"position\":3,\"name\":\"JTL-Wawi \u2013 Ihre Warenwirtschaft, perfekt aufgestellt\"}]},{\"@type\":\"WebSite\",\"@id\":\"https:\/\/jdtec.eu\/#website\",\"url\":\"https:\/\/jdtec.eu\/\",\"name\":\"jd.tec | IT-Service\",\"description\":\"\",\"publisher\":{\"@id\":\"https:\/\/jdtec.eu\/#organization\"},\"potentialAction\":[{\"@type\":\"SearchAction\",\"target\":{\"@type\":\"EntryPoint\",\"urlTemplate\":\"https:\/\/jdtec.eu\/?s={search_term_string}\"},\"query-input\":{\"@type\":\"PropertyValueSpecification\",\"valueRequired\":true,\"valueName\":\"search_term_string\"}}],\"inLanguage\":\"de\"},{\"@type\":\"Organization\",\"@id\":\"https:\/\/jdtec.eu\/#organization\",\"name\":\"jd.tec | IT-Service\",\"url\":\"https:\/\/jdtec.eu\/\",\"logo\":{\"@type\":\"ImageObject\",\"inLanguage\":\"de\",\"@id\":\"https:\/\/jdtec.eu\/#\/schema\/logo\/image\/\",\"url\":\"https:\/\/jdtec.eu\/wp-content\/uploads\/2025\/07\/cropped-logo_transparent.png\",\"contentUrl\":\"https:\/\/jdtec.eu\/wp-content\/uploads\/2025\/07\/cropped-logo_transparent.png\",\"width\":200,\"height\":92,\"caption\":\"jd.tec | IT-Service\"},\"image\":{\"@id\":\"https:\/\/jdtec.eu\/#\/schema\/logo\/image\/\"},\"sameAs\":[\"https:\/\/www.facebook.com\/jdtec.eu\"]}]}<\/script>\n<!-- \/ Yoast SEO plugin. -->","yoast_head_json":{"title":"JTL-Wawi \u2013 Ihre Warenwirtschaft, perfekt aufgestellt - jd.tec | IT-Service","description":"JTL-Wawi Einrichtung, Anpassung & Support f\u00fcr Unternehmen. Wir optimieren Ihre Warenwirtschaft f\u00fcr effiziente Prozesse, nahtlose Abl\u00e4ufe und mehr Erfolg.","robots":{"index":"index","follow":"follow","max-snippet":"max-snippet:-1","max-image-preview":"max-image-preview:large","max-video-preview":"max-video-preview:-1"},"canonical":"https:\/\/jdtec.eu\/index.php\/jtl-dienstleistunge\/jtl-wawi\/","og_locale":"de_DE","og_type":"article","og_title":"JTL-Wawi \u2013 Ihre Warenwirtschaft, perfekt aufgestellt - jd.tec | IT-Service","og_description":"JTL-Wawi Einrichtung, Anpassung & Support f\u00fcr Unternehmen. Wir optimieren Ihre Warenwirtschaft f\u00fcr effiziente Prozesse, nahtlose Abl\u00e4ufe und mehr Erfolg.","og_url":"https:\/\/jdtec.eu\/index.php\/jtl-dienstleistunge\/jtl-wawi\/","og_site_name":"jd.tec | IT-Service","article_publisher":"https:\/\/www.facebook.com\/jdtec.eu","article_modified_time":"2025-08-14T13:22:33+00:00","og_image":[{"width":1536,"height":1024,"url":"https:\/\/jdtec.eu\/wp-content\/uploads\/2025\/08\/JTL-Wawi-header.png","type":"image\/png"}],"twitter_card":"summary_large_image","twitter_misc":{"Gesch\u00e4tzte Lesezeit":"2\u00a0Minuten"},"schema":{"@context":"https:\/\/schema.org","@graph":[{"@type":"WebPage","@id":"https:\/\/jdtec.eu\/index.php\/jtl-dienstleistunge\/jtl-wawi\/","url":"https:\/\/jdtec.eu\/index.php\/jtl-dienstleistunge\/jtl-wawi\/","name":"JTL-Wawi \u2013 Ihre Warenwirtschaft, perfekt aufgestellt - jd.tec | IT-Service","isPartOf":{"@id":"https:\/\/jdtec.eu\/#website"},"primaryImageOfPage":{"@id":"https:\/\/jdtec.eu\/index.php\/jtl-dienstleistunge\/jtl-wawi\/#primaryimage"},"image":{"@id":"https:\/\/jdtec.eu\/index.php\/jtl-dienstleistunge\/jtl-wawi\/#primaryimage"},"thumbnailUrl":"https:\/\/jdtec.eu\/wp-content\/uploads\/2025\/08\/JTL-Wawi-header-1024x683.png","datePublished":"2025-07-01T20:33:46+00:00","dateModified":"2025-08-14T13:22:33+00:00","description":"JTL-Wawi Einrichtung, Anpassung & Support f\u00fcr Unternehmen. Wir optimieren Ihre Warenwirtschaft f\u00fcr effiziente Prozesse, nahtlose Abl\u00e4ufe und mehr Erfolg.","breadcrumb":{"@id":"https:\/\/jdtec.eu\/index.php\/jtl-dienstleistunge\/jtl-wawi\/#breadcrumb"},"inLanguage":"de","potentialAction":[{"@type":"ReadAction","target":["https:\/\/jdtec.eu\/index.php\/jtl-dienstleistunge\/jtl-wawi\/"]}]},{"@type":"ImageObject","inLanguage":"de","@id":"https:\/\/jdtec.eu\/index.php\/jtl-dienstleistunge\/jtl-wawi\/#primaryimage","url":"https:\/\/jdtec.eu\/wp-content\/uploads\/2025\/08\/JTL-Wawi-header.png","contentUrl":"https:\/\/jdtec.eu\/wp-content\/uploads\/2025\/08\/JTL-Wawi-header.png","width":1536,"height":1024},{"@type":"BreadcrumbList","@id":"https:\/\/jdtec.eu\/index.php\/jtl-dienstleistunge\/jtl-wawi\/#breadcrumb","itemListElement":[{"@type":"ListItem","position":1,"name":"Startseite","item":"https:\/\/jdtec.eu\/"},{"@type":"ListItem","position":2,"name":"JTL-Dienstleistungen \u2013 alles aus einer Hand","item":"https:\/\/jdtec.eu\/index.php\/jtl-dienstleistunge\/"},{"@type":"ListItem","position":3,"name":"JTL-Wawi \u2013 Ihre Warenwirtschaft, perfekt aufgestellt"}]},{"@type":"WebSite","@id":"https:\/\/jdtec.eu\/#website","url":"https:\/\/jdtec.eu\/","name":"jd.tec | IT-Service","description":"","publisher":{"@id":"https:\/\/jdtec.eu\/#organization"},"potentialAction":[{"@type":"SearchAction","target":{"@type":"EntryPoint","urlTemplate":"https:\/\/jdtec.eu\/?s={search_term_string}"},"query-input":{"@type":"PropertyValueSpecification","valueRequired":true,"valueName":"search_term_string"}}],"inLanguage":"de"},{"@type":"Organization","@id":"https:\/\/jdtec.eu\/#organization","name":"jd.tec | IT-Service","url":"https:\/\/jdtec.eu\/","logo":{"@type":"ImageObject","inLanguage":"de","@id":"https:\/\/jdtec.eu\/#\/schema\/logo\/image\/","url":"https:\/\/jdtec.eu\/wp-content\/uploads\/2025\/07\/cropped-logo_transparent.png","contentUrl":"https:\/\/jdtec.eu\/wp-content\/uploads\/2025\/07\/cropped-logo_transparent.png","width":200,"height":92,"caption":"jd.tec | IT-Service"},"image":{"@id":"https:\/\/jdtec.eu\/#\/schema\/logo\/image\/"},"sameAs":["https:\/\/www.facebook.com\/jdtec.eu"]}]}},"_links":{"self":[{"href":"https:\/\/jdtec.eu\/index.php\/wp-json\/wp\/v2\/pages\/58","targetHints":{"allow":["GET"]}}],"collection":[{"href":"https:\/\/jdtec.eu\/index.php\/wp-json\/wp\/v2\/pages"}],"about":[{"href":"https:\/\/jdtec.eu\/index.php\/wp-json\/wp\/v2\/types\/page"}],"author":[{"embeddable":true,"href":"https:\/\/jdtec.eu\/index.php\/wp-json\/wp\/v2\/users\/1"}],"replies":[{"embeddable":true,"href":"https:\/\/jdtec.eu\/index.php\/wp-json\/wp\/v2\/comments?post=58"}],"version-history":[{"count":8,"href":"https:\/\/jdtec.eu\/index.php\/wp-json\/wp\/v2\/pages\/58\/revisions"}],"predecessor-version":[{"id":311,"href":"https:\/\/jdtec.eu\/index.php\/wp-json\/wp\/v2\/pages\/58\/revisions\/311"}],"up":[{"embeddable":true,"href":"https:\/\/jdtec.eu\/index.php\/wp-json\/wp\/v2\/pages\/53"}],"wp:attachment":[{"href":"https:\/\/jdtec.eu\/index.php\/wp-json\/wp\/v2\/media?parent=58"}],"curies":[{"name":"wp","href":"https:\/\/api.w.org\/{rel}","templated":true}]}}