{"id":56,"date":"2025-07-01T22:33:30","date_gmt":"2025-07-01T20:33:30","guid":{"rendered":"https:\/\/jdtec.eu\/?page_id=56"},"modified":"2025-08-14T16:07:55","modified_gmt":"2025-08-14T14:07:55","slug":"jtl-shop","status":"publish","type":"page","link":"https:\/\/jdtec.eu\/index.php\/jtl-dienstleistunge\/jtl-shop\/","title":{"rendered":"Ihr JTL-Shop, unser Know-how"},"content":{"rendered":"\n<div id=\"wp-block-themeisle-blocks-advanced-columns-36916dfb\" class=\"wp-block-themeisle-blocks-advanced-columns has-1-columns has-desktop-twoOne-layout has-tablet-equal-layout has-mobile-collapsedRows-layout has-vertical-unset\"><div class=\"wp-block-themeisle-blocks-advanced-columns-overlay\"><\/div><div class=\"innerblocks-wrap\">\n<div id=\"wp-block-themeisle-blocks-advanced-column-372c111e\" class=\"wp-block-themeisle-blocks-advanced-column\">\n<div class=\"wp-block-group is-nowrap is-layout-flex wp-container-core-group-is-layout-ad2f72ca wp-block-group-is-layout-flex\">\n<div class=\"wp-block-cover is-light\" style=\"min-height:555px;aspect-ratio:unset;\"><img loading=\"lazy\" decoding=\"async\" width=\"1024\" height=\"683\" class=\"wp-block-cover__image-background wp-image-96 size-large\" alt=\"\" src=\"https:\/\/jdtec.eu\/wp-content\/uploads\/2025\/08\/ChatGPT-Image-6.-Aug.-2025-13_03_08-1024x683.png\" data-object-fit=\"cover\" srcset=\"https:\/\/jdtec.eu\/wp-content\/uploads\/2025\/08\/ChatGPT-Image-6.-Aug.-2025-13_03_08-1024x683.png 1024w, https:\/\/jdtec.eu\/wp-content\/uploads\/2025\/08\/ChatGPT-Image-6.-Aug.-2025-13_03_08-300x200.png 300w, https:\/\/jdtec.eu\/wp-content\/uploads\/2025\/08\/ChatGPT-Image-6.-Aug.-2025-13_03_08-768x512.png 768w, https:\/\/jdtec.eu\/wp-content\/uploads\/2025\/08\/ChatGPT-Image-6.-Aug.-2025-13_03_08-930x620.png 930w, https:\/\/jdtec.eu\/wp-content\/uploads\/2025\/08\/ChatGPT-Image-6.-Aug.-2025-13_03_08.png 1536w\" sizes=\"auto, (max-width: 1024px) 100vw, 1024px\" \/><span aria-hidden=\"true\" class=\"wp-block-cover__background has-background-dim\" style=\"background-color:#f3f3ef\"><\/span><div class=\"wp-block-cover__inner-container is-layout-flow wp-block-cover-is-layout-flow\">\n<div class=\"wp-block-group\"><div class=\"wp-block-group__inner-container is-layout-constrained wp-block-group-is-layout-constrained\">\n<p>Der <strong data-start=\"82\" data-end=\"97\">JTL Webshop<\/strong> ist \u2013 neben der leistungsstarken <a href=\"https:\/\/jdtec.eu\/index.php\/jtl-dienstleistunge\/jtl-wawi\/\"><strong data-start=\"131\" data-end=\"143\">JTL-Wawi<\/strong><\/a> \u2013 das Herzst\u00fcck der JTL-Familie. Als moderner und flexibler <strong data-start=\"204\" data-end=\"218\">Onlineshop<\/strong> erf\u00fcllt er alle aktuellen Anforderungen des E-Commerce. Dank der nahtlosen Integration mit der <a href=\"https:\/\/jdtec.eu\/index.php\/jtl-dienstleistunge\/jtl-wawi\/\"><strong data-start=\"314\" data-end=\"337\">JTL Warenwirtschaft<\/strong><\/a> profitieren Onlineh\u00e4ndler von effizienten Prozessen, optimaler Bestandsverwaltung und einer einfachen Shop-Verwaltung \u2013 f\u00fcr erfolgreichen und professionellen Onlinehandel.<\/p>\n<\/div><\/div>\n<\/div><\/div>\n<\/div>\n<\/div>\n<\/div><\/div>\n\n\n\n<h2 class=\"wp-block-heading\"><strong>Unsere Leistungen f\u00fcr den Bereich JTL Shop umfassen:<\/strong><\/h2>\n\n\n\n<div id=\"wp-block-themeisle-blocks-advanced-columns-00cc4917\" class=\"wp-block-themeisle-blocks-advanced-columns has-2-columns has-desktop-twoOne-layout has-tablet-equal-layout has-mobile-collapsedRows-layout has-vertical-unset\"><div class=\"wp-block-themeisle-blocks-advanced-columns-overlay\"><\/div><div class=\"innerblocks-wrap\">\n<div id=\"wp-block-themeisle-blocks-advanced-column-804bbf64\" class=\"wp-block-themeisle-blocks-advanced-column\">\n<div id=\"wp-block-themeisle-blocks-icon-list-12eedaa6\" class=\"wp-block-themeisle-blocks-icon-list\">\n<div id=\"wp-block-themeisle-blocks-icon-list-item-9fc7bc4a\" class=\"wp-block-themeisle-blocks-icon-list-item\"><i class=\"fas fa-check wp-block-themeisle-blocks-icon-list-item-icon\"><\/i><p class=\"wp-block-themeisle-blocks-icon-list-item-content\">Installation, Einrichtung und Anbindung an <a href=\"https:\/\/jdtec.eu\/index.php\/jtl-dienstleistunge\/jtl-wawi\/\">JTL Wawi<\/a><\/p><\/div>\n\n\n\n<div id=\"wp-block-themeisle-blocks-icon-list-item-6751b7d8\" class=\"wp-block-themeisle-blocks-icon-list-item\"><i class=\"fas fa-check wp-block-themeisle-blocks-icon-list-item-icon\"><\/i><p class=\"wp-block-themeisle-blocks-icon-list-item-content\">Beratung und Erstellung sinvoller Men\u00fcstrukturen<\/p><\/div>\n\n\n\n<div id=\"wp-block-themeisle-blocks-icon-list-item-6d5be646\" class=\"wp-block-themeisle-blocks-icon-list-item\"><i class=\"fas fa-check wp-block-themeisle-blocks-icon-list-item-icon\"><\/i><p class=\"wp-block-themeisle-blocks-icon-list-item-content\">Updates \u00e4lterer Versionen auf die derzeit aktuelle Version<\/p><\/div>\n\n\n\n<div id=\"wp-block-themeisle-blocks-icon-list-item-1aeb39c4\" class=\"wp-block-themeisle-blocks-icon-list-item\"><i class=\"fas fa-check wp-block-themeisle-blocks-icon-list-item-icon\"><\/i><p class=\"wp-block-themeisle-blocks-icon-list-item-content\">Anbindung an alle \u00fcblichen und auch un\u00fcblichen Zahlungsdienstleister<\/p><\/div>\n\n\n\n<div id=\"wp-block-themeisle-blocks-icon-list-item-9c2dbb7e\" class=\"wp-block-themeisle-blocks-icon-list-item\"><i class=\"fas fa-check wp-block-themeisle-blocks-icon-list-item-icon\"><\/i><p class=\"wp-block-themeisle-blocks-icon-list-item-content\">Konfiguration von Versandklassen<\/p><\/div>\n\n\n\n<div id=\"wp-block-themeisle-blocks-icon-list-item-668e3ee4\" class=\"wp-block-themeisle-blocks-icon-list-item\"><i class=\"fas fa-check wp-block-themeisle-blocks-icon-list-item-icon\"><\/i><p class=\"wp-block-themeisle-blocks-icon-list-item-content\">Beratung, Auswahl und Installation sinnvoller Plugins<\/p><\/div>\n\n\n\n<div id=\"wp-block-themeisle-blocks-icon-list-item-5bdce591\" class=\"wp-block-themeisle-blocks-icon-list-item\"><i class=\"fas fa-check wp-block-themeisle-blocks-icon-list-item-icon\"><\/i><p class=\"wp-block-themeisle-blocks-icon-list-item-content\">Beratung, Installation, Konfiguration und Anpassung von Templates<\/p><\/div>\n\n\n\n<div id=\"wp-block-themeisle-blocks-icon-list-item-c0b63313\" class=\"wp-block-themeisle-blocks-icon-list-item\"><i class=\"fas fa-check wp-block-themeisle-blocks-icon-list-item-icon\"><\/i><p class=\"wp-block-themeisle-blocks-icon-list-item-content\">Shop Layout auf Basis des JTL Nova Templates<\/p><\/div>\n\n\n\n<div id=\"wp-block-themeisle-blocks-icon-list-item-56302f6f\" class=\"wp-block-themeisle-blocks-icon-list-item\"><i class=\"fas fa-check wp-block-themeisle-blocks-icon-list-item-icon\"><\/i><p class=\"wp-block-themeisle-blocks-icon-list-item-content\">Konfiguration Google Shopping Feed Export<\/p><\/div>\n\n\n\n<div id=\"wp-block-themeisle-blocks-icon-list-item-e87f9acc\" class=\"wp-block-themeisle-blocks-icon-list-item\"><i class=\"fas fa-check wp-block-themeisle-blocks-icon-list-item-icon\"><\/i><p class=\"wp-block-themeisle-blocks-icon-list-item-content\"><a href=\"https:\/\/jdtec.eu\/index.php\/it-dienstleistungen\/seo-strategie\/\">SEO Strategien und Ma\u00dfnahmen<\/a><\/p><\/div>\n<\/div>\n<\/div>\n\n\n\n<div id=\"wp-block-themeisle-blocks-advanced-column-1f8759e4\" class=\"wp-block-themeisle-blocks-advanced-column\">\n<figure class=\"wp-block-image size-large is-resized\"><img loading=\"lazy\" decoding=\"async\" width=\"683\" height=\"1024\" src=\"https:\/\/jdtec.eu\/wp-content\/uploads\/2025\/08\/20250806_1227_JTL-Onlineshop-Szene_simple_compose_01k1zeq6ske7fb12shhj61t6jr-683x1024.png\" alt=\"\" class=\"wp-image-90\" style=\"width:260px;height:auto\" srcset=\"https:\/\/jdtec.eu\/wp-content\/uploads\/2025\/08\/20250806_1227_JTL-Onlineshop-Szene_simple_compose_01k1zeq6ske7fb12shhj61t6jr-683x1024.png 683w, https:\/\/jdtec.eu\/wp-content\/uploads\/2025\/08\/20250806_1227_JTL-Onlineshop-Szene_simple_compose_01k1zeq6ske7fb12shhj61t6jr-200x300.png 200w, https:\/\/jdtec.eu\/wp-content\/uploads\/2025\/08\/20250806_1227_JTL-Onlineshop-Szene_simple_compose_01k1zeq6ske7fb12shhj61t6jr-768x1152.png 768w, https:\/\/jdtec.eu\/wp-content\/uploads\/2025\/08\/20250806_1227_JTL-Onlineshop-Szene_simple_compose_01k1zeq6ske7fb12shhj61t6jr.png 1024w\" sizes=\"auto, (max-width: 683px) 100vw, 683px\" \/><\/figure>\n<\/div>\n<\/div><\/div>\n\n\n\n<div class=\"wp-block-buttons is-layout-flex wp-block-buttons-is-layout-flex\">\n<div class=\"wp-block-button\"><a class=\"wp-block-button__link wp-element-button\" href=\"https:\/\/jdtec.eu\/index.php\/contact\/\">Jetzt kontaktieren<\/a><\/div>\n<\/div>\n\n\n<\/p>\n<p>Ihr ben\u00f6tigt spezielle <em><strong>Beratung<\/strong> <\/em>zu einem nicht aufgef\u00fchrten Thema? Kein Problem. Gerne erstellen wir individuelle Angebote.<\/p>\n<p>Gerne \u00fcbernehmen wir auch das <em><strong>Hosting<\/strong><\/em> eures Shops. So k\u00f6nnt ihr euch auf das konzentrieren was wirklich wichtig ist \u2026<br \/>Geld verdienen!<\/p>\n\n\n<p><\/p>\n","protected":false},"excerpt":{"rendered":"<p>Unsere Leistungen f\u00fcr den Bereich JTL Shop umfassen: Ihr ben\u00f6tigt spezielle Beratung zu einem nicht aufgef\u00fchrten Thema? Kein Problem. Gerne erstellen wir individuelle Angebote. Gerne \u00fcbernehmen wir auch das Hosting eures Shops. So k\u00f6nnt ihr euch auf das konzentrieren was wirklich wichtig ist \u2026Geld verdienen!<\/p>\n","protected":false},"author":1,"featured_media":0,"parent":53,"menu_order":0,"comment_status":"closed","ping_status":"closed","template":"","meta":{"neve_meta_sidebar":"","neve_meta_container":"","neve_meta_enable_content_width":"","neve_meta_content_width":0,"neve_meta_title_alignment":"","neve_meta_author_avatar":"","neve_post_elements_order":"","neve_meta_disable_header":"","neve_meta_disable_footer":"","neve_meta_disable_title":"","_themeisle_gutenberg_block_has_review":false,"footnotes":""},"class_list":["post-56","page","type-page","status-publish","hentry"],"yoast_head":"<!-- This site is optimized with the Yoast SEO plugin v26.0 - https:\/\/yoast.com\/wordpress\/plugins\/seo\/ -->\n<title>Ihr JTL-Shop, unser Know-how - jd.tec | IT-Service<\/title>\n<meta name=\"description\" content=\"JTL-Shop Einrichtung, Design &amp; Optimierung f\u00fcr Unternehmen. Wir entwickeln leistungsstarke Onlineshops, die perfekt zu Ihrer JTL-Wawi passen\" \/>\n<meta name=\"robots\" content=\"index, follow, max-snippet:-1, max-image-preview:large, max-video-preview:-1\" \/>\n<link rel=\"canonical\" href=\"https:\/\/jdtec.eu\/index.php\/jtl-dienstleistunge\/jtl-shop\/\" \/>\n<meta property=\"og:locale\" content=\"de_DE\" \/>\n<meta property=\"og:type\" content=\"article\" \/>\n<meta property=\"og:title\" content=\"Ihr JTL-Shop, unser Know-how - jd.tec | IT-Service\" \/>\n<meta property=\"og:description\" content=\"JTL-Shop Einrichtung, Design &amp; Optimierung f\u00fcr Unternehmen. Wir entwickeln leistungsstarke Onlineshops, die perfekt zu Ihrer JTL-Wawi passen\" \/>\n<meta property=\"og:url\" content=\"https:\/\/jdtec.eu\/index.php\/jtl-dienstleistunge\/jtl-shop\/\" \/>\n<meta property=\"og:site_name\" content=\"jd.tec | IT-Service\" \/>\n<meta property=\"article:publisher\" content=\"https:\/\/www.facebook.com\/jdtec.eu\" \/>\n<meta property=\"article:modified_time\" content=\"2025-08-14T14:07:55+00:00\" \/>\n<meta property=\"og:image\" content=\"https:\/\/jdtec.eu\/wp-content\/uploads\/2025\/08\/ChatGPT-Image-6.-Aug.-2025-13_03_08.png\" \/>\n\t<meta property=\"og:image:width\" content=\"1536\" \/>\n\t<meta property=\"og:image:height\" content=\"1024\" \/>\n\t<meta property=\"og:image:type\" content=\"image\/png\" \/>\n<meta name=\"twitter:card\" content=\"summary_large_image\" \/>\n<meta name=\"twitter:label1\" content=\"Gesch\u00e4tzte Lesezeit\" \/>\n\t<meta name=\"twitter:data1\" content=\"2\u00a0Minuten\" \/>\n<script type=\"application\/ld+json\" class=\"yoast-schema-graph\">{\"@context\":\"https:\/\/schema.org\",\"@graph\":[{\"@type\":\"WebPage\",\"@id\":\"https:\/\/jdtec.eu\/index.php\/jtl-dienstleistunge\/jtl-shop\/\",\"url\":\"https:\/\/jdtec.eu\/index.php\/jtl-dienstleistunge\/jtl-shop\/\",\"name\":\"Ihr JTL-Shop, unser Know-how - jd.tec | IT-Service\",\"isPartOf\":{\"@id\":\"https:\/\/jdtec.eu\/#website\"},\"primaryImageOfPage\":{\"@id\":\"https:\/\/jdtec.eu\/index.php\/jtl-dienstleistunge\/jtl-shop\/#primaryimage\"},\"image\":{\"@id\":\"https:\/\/jdtec.eu\/index.php\/jtl-dienstleistunge\/jtl-shop\/#primaryimage\"},\"thumbnailUrl\":\"https:\/\/jdtec.eu\/wp-content\/uploads\/2025\/08\/ChatGPT-Image-6.-Aug.-2025-13_03_08-1024x683.png\",\"datePublished\":\"2025-07-01T20:33:30+00:00\",\"dateModified\":\"2025-08-14T14:07:55+00:00\",\"description\":\"JTL-Shop Einrichtung, Design & Optimierung f\u00fcr Unternehmen. Wir entwickeln leistungsstarke Onlineshops, die perfekt zu Ihrer JTL-Wawi passen\",\"breadcrumb\":{\"@id\":\"https:\/\/jdtec.eu\/index.php\/jtl-dienstleistunge\/jtl-shop\/#breadcrumb\"},\"inLanguage\":\"de\",\"potentialAction\":[{\"@type\":\"ReadAction\",\"target\":[\"https:\/\/jdtec.eu\/index.php\/jtl-dienstleistunge\/jtl-shop\/\"]}]},{\"@type\":\"ImageObject\",\"inLanguage\":\"de\",\"@id\":\"https:\/\/jdtec.eu\/index.php\/jtl-dienstleistunge\/jtl-shop\/#primaryimage\",\"url\":\"https:\/\/jdtec.eu\/wp-content\/uploads\/2025\/08\/ChatGPT-Image-6.-Aug.-2025-13_03_08.png\",\"contentUrl\":\"https:\/\/jdtec.eu\/wp-content\/uploads\/2025\/08\/ChatGPT-Image-6.-Aug.-2025-13_03_08.png\",\"width\":1536,\"height\":1024},{\"@type\":\"BreadcrumbList\",\"@id\":\"https:\/\/jdtec.eu\/index.php\/jtl-dienstleistunge\/jtl-shop\/#breadcrumb\",\"itemListElement\":[{\"@type\":\"ListItem\",\"position\":1,\"name\":\"Startseite\",\"item\":\"https:\/\/jdtec.eu\/\"},{\"@type\":\"ListItem\",\"position\":2,\"name\":\"JTL-Dienstleistungen \u2013 alles aus einer Hand\",\"item\":\"https:\/\/jdtec.eu\/index.php\/jtl-dienstleistunge\/\"},{\"@type\":\"ListItem\",\"position\":3,\"name\":\"Ihr JTL-Shop, unser Know-how\"}]},{\"@type\":\"WebSite\",\"@id\":\"https:\/\/jdtec.eu\/#website\",\"url\":\"https:\/\/jdtec.eu\/\",\"name\":\"jd.tec | IT-Service\",\"description\":\"\",\"publisher\":{\"@id\":\"https:\/\/jdtec.eu\/#organization\"},\"potentialAction\":[{\"@type\":\"SearchAction\",\"target\":{\"@type\":\"EntryPoint\",\"urlTemplate\":\"https:\/\/jdtec.eu\/?s={search_term_string}\"},\"query-input\":{\"@type\":\"PropertyValueSpecification\",\"valueRequired\":true,\"valueName\":\"search_term_string\"}}],\"inLanguage\":\"de\"},{\"@type\":\"Organization\",\"@id\":\"https:\/\/jdtec.eu\/#organization\",\"name\":\"jd.tec | IT-Service\",\"url\":\"https:\/\/jdtec.eu\/\",\"logo\":{\"@type\":\"ImageObject\",\"inLanguage\":\"de\",\"@id\":\"https:\/\/jdtec.eu\/#\/schema\/logo\/image\/\",\"url\":\"https:\/\/jdtec.eu\/wp-content\/uploads\/2025\/07\/cropped-logo_transparent.png\",\"contentUrl\":\"https:\/\/jdtec.eu\/wp-content\/uploads\/2025\/07\/cropped-logo_transparent.png\",\"width\":200,\"height\":92,\"caption\":\"jd.tec | IT-Service\"},\"image\":{\"@id\":\"https:\/\/jdtec.eu\/#\/schema\/logo\/image\/\"},\"sameAs\":[\"https:\/\/www.facebook.com\/jdtec.eu\"]}]}<\/script>\n<!-- \/ Yoast SEO plugin. -->","yoast_head_json":{"title":"Ihr JTL-Shop, unser Know-how - jd.tec | IT-Service","description":"JTL-Shop Einrichtung, Design & Optimierung f\u00fcr Unternehmen. Wir entwickeln leistungsstarke Onlineshops, die perfekt zu Ihrer JTL-Wawi passen","robots":{"index":"index","follow":"follow","max-snippet":"max-snippet:-1","max-image-preview":"max-image-preview:large","max-video-preview":"max-video-preview:-1"},"canonical":"https:\/\/jdtec.eu\/index.php\/jtl-dienstleistunge\/jtl-shop\/","og_locale":"de_DE","og_type":"article","og_title":"Ihr JTL-Shop, unser Know-how - jd.tec | IT-Service","og_description":"JTL-Shop Einrichtung, Design & Optimierung f\u00fcr Unternehmen. Wir entwickeln leistungsstarke Onlineshops, die perfekt zu Ihrer JTL-Wawi passen","og_url":"https:\/\/jdtec.eu\/index.php\/jtl-dienstleistunge\/jtl-shop\/","og_site_name":"jd.tec | IT-Service","article_publisher":"https:\/\/www.facebook.com\/jdtec.eu","article_modified_time":"2025-08-14T14:07:55+00:00","og_image":[{"width":1536,"height":1024,"url":"https:\/\/jdtec.eu\/wp-content\/uploads\/2025\/08\/ChatGPT-Image-6.-Aug.-2025-13_03_08.png","type":"image\/png"}],"twitter_card":"summary_large_image","twitter_misc":{"Gesch\u00e4tzte Lesezeit":"2\u00a0Minuten"},"schema":{"@context":"https:\/\/schema.org","@graph":[{"@type":"WebPage","@id":"https:\/\/jdtec.eu\/index.php\/jtl-dienstleistunge\/jtl-shop\/","url":"https:\/\/jdtec.eu\/index.php\/jtl-dienstleistunge\/jtl-shop\/","name":"Ihr JTL-Shop, unser Know-how - jd.tec | IT-Service","isPartOf":{"@id":"https:\/\/jdtec.eu\/#website"},"primaryImageOfPage":{"@id":"https:\/\/jdtec.eu\/index.php\/jtl-dienstleistunge\/jtl-shop\/#primaryimage"},"image":{"@id":"https:\/\/jdtec.eu\/index.php\/jtl-dienstleistunge\/jtl-shop\/#primaryimage"},"thumbnailUrl":"https:\/\/jdtec.eu\/wp-content\/uploads\/2025\/08\/ChatGPT-Image-6.-Aug.-2025-13_03_08-1024x683.png","datePublished":"2025-07-01T20:33:30+00:00","dateModified":"2025-08-14T14:07:55+00:00","description":"JTL-Shop Einrichtung, Design & Optimierung f\u00fcr Unternehmen. Wir entwickeln leistungsstarke Onlineshops, die perfekt zu Ihrer JTL-Wawi passen","breadcrumb":{"@id":"https:\/\/jdtec.eu\/index.php\/jtl-dienstleistunge\/jtl-shop\/#breadcrumb"},"inLanguage":"de","potentialAction":[{"@type":"ReadAction","target":["https:\/\/jdtec.eu\/index.php\/jtl-dienstleistunge\/jtl-shop\/"]}]},{"@type":"ImageObject","inLanguage":"de","@id":"https:\/\/jdtec.eu\/index.php\/jtl-dienstleistunge\/jtl-shop\/#primaryimage","url":"https:\/\/jdtec.eu\/wp-content\/uploads\/2025\/08\/ChatGPT-Image-6.-Aug.-2025-13_03_08.png","contentUrl":"https:\/\/jdtec.eu\/wp-content\/uploads\/2025\/08\/ChatGPT-Image-6.-Aug.-2025-13_03_08.png","width":1536,"height":1024},{"@type":"BreadcrumbList","@id":"https:\/\/jdtec.eu\/index.php\/jtl-dienstleistunge\/jtl-shop\/#breadcrumb","itemListElement":[{"@type":"ListItem","position":1,"name":"Startseite","item":"https:\/\/jdtec.eu\/"},{"@type":"ListItem","position":2,"name":"JTL-Dienstleistungen \u2013 alles aus einer Hand","item":"https:\/\/jdtec.eu\/index.php\/jtl-dienstleistunge\/"},{"@type":"ListItem","position":3,"name":"Ihr JTL-Shop, unser Know-how"}]},{"@type":"WebSite","@id":"https:\/\/jdtec.eu\/#website","url":"https:\/\/jdtec.eu\/","name":"jd.tec | IT-Service","description":"","publisher":{"@id":"https:\/\/jdtec.eu\/#organization"},"potentialAction":[{"@type":"SearchAction","target":{"@type":"EntryPoint","urlTemplate":"https:\/\/jdtec.eu\/?s={search_term_string}"},"query-input":{"@type":"PropertyValueSpecification","valueRequired":true,"valueName":"search_term_string"}}],"inLanguage":"de"},{"@type":"Organization","@id":"https:\/\/jdtec.eu\/#organization","name":"jd.tec | IT-Service","url":"https:\/\/jdtec.eu\/","logo":{"@type":"ImageObject","inLanguage":"de","@id":"https:\/\/jdtec.eu\/#\/schema\/logo\/image\/","url":"https:\/\/jdtec.eu\/wp-content\/uploads\/2025\/07\/cropped-logo_transparent.png","contentUrl":"https:\/\/jdtec.eu\/wp-content\/uploads\/2025\/07\/cropped-logo_transparent.png","width":200,"height":92,"caption":"jd.tec | IT-Service"},"image":{"@id":"https:\/\/jdtec.eu\/#\/schema\/logo\/image\/"},"sameAs":["https:\/\/www.facebook.com\/jdtec.eu"]}]}},"_links":{"self":[{"href":"https:\/\/jdtec.eu\/index.php\/wp-json\/wp\/v2\/pages\/56","targetHints":{"allow":["GET"]}}],"collection":[{"href":"https:\/\/jdtec.eu\/index.php\/wp-json\/wp\/v2\/pages"}],"about":[{"href":"https:\/\/jdtec.eu\/index.php\/wp-json\/wp\/v2\/types\/page"}],"author":[{"embeddable":true,"href":"https:\/\/jdtec.eu\/index.php\/wp-json\/wp\/v2\/users\/1"}],"replies":[{"embeddable":true,"href":"https:\/\/jdtec.eu\/index.php\/wp-json\/wp\/v2\/comments?post=56"}],"version-history":[{"count":14,"href":"https:\/\/jdtec.eu\/index.php\/wp-json\/wp\/v2\/pages\/56\/revisions"}],"predecessor-version":[{"id":326,"href":"https:\/\/jdtec.eu\/index.php\/wp-json\/wp\/v2\/pages\/56\/revisions\/326"}],"up":[{"embeddable":true,"href":"https:\/\/jdtec.eu\/index.php\/wp-json\/wp\/v2\/pages\/53"}],"wp:attachment":[{"href":"https:\/\/jdtec.eu\/index.php\/wp-json\/wp\/v2\/media?parent=56"}],"curies":[{"name":"wp","href":"https:\/\/api.w.org\/{rel}","templated":true}]}}